8 + 1
-12
Calculate -31 + 8 - (3 + -27).
1
What is -15 - (-21 + 6) - -5?
5
Calculate -6 + (18 - 12 - 7).
-7
What is the value of -3 - 1 - (7 + -4 + (-4 - 7))?
4
Evaluate (-1 - 0) + (324 - 312).
11
What is (20 + -15 - -11) + (-9 - -2)?
9
What is the value of -8 - -1 - (-17 - (-27 + 15))?
-2
6 + (-2 - 0) + -5 + (1 - -1)
1
What is 2 + 15 + (-11 - (-10 + 3))?
13
What is -22 + (71 - 3) - 18?
28
Calculate -9 - -6 - (-8 - -1) - 3.
1
What is -14 - (-29 + 1 + -44 + 40)?
18
Calculate (-13 - -15) + (1 - 4) - (36 - 29).
-8
Evaluate (-4 + 20 - 21) + 1.
-4
What is 2 + 0 - (20 + -21) - 4?
-1
3 + (-9 - 4) - (-43 - -43)
-10
-1 + -14 - (8 + -6 + -7)
-10
-1 + 6 + (-16 - (11 - (30 + -12)))
-4
What is the value of 18 + -1 + -30 - -12?
-1
What is 10 - (25 + -14 + 15 + 12)?
-28
-26 + (11 - (29 + -12)) + 8
-24
Evaluate -1 - (24 - 38 - (-1 + 1)).
13
-2 + (10 + (-1 - 4) - -3)
6
Calculate 27 - 2 - (-50 + (2 - -66)).
7
What is (-6 - (6 - -3)) + 9 - -4?
-2
Calculate 11 + 9 + 0 + -2 - (-32 + 41).
9
What is the value of 34 + -11 + (26 - 8) + -19?
22
What is (-1 + 2 - 31) + (204 - 192)?
-18
What is (-9 - -8) + 22 - 7?
14
Calculate -6 + 0 + (-38 - -45).
1
What is the value of -6 - (7 + -3 + 1 - 32) - 5?
16
Calculate (-9 - -9 - (4 - 4)) + 6.
6
What is the value of 18 + 1 + -12 - (-1 - 3)?
11
What is the value of 19 + (1 - 14) - -2?
8
-4 + (2 - (-1 - ((12 - 8) + -2)))
1
What is 15 - (-7 + (15 - -8))?
-1
What is the value of 1 - 1 - 5 - -14 - (25 - 8)?
-8
0 + 12 + (-6 - (-3 + 2))
7
What is the value of 0 - -15 - (-6 - (-8 - 12))?
1
What is the value of -2 - (6 + -6 + 4 - -1)?
-7
Evaluate -7 - (6 + (7 - 5 - 4) - -2).
-13
What is the value of 0 + 2 + -3 + 1 + -3 + -3?
-6
-18 + 22 + 2 + (-4 - 2) - -6
6
68 + -25 + -12 + -18
13
What is the value of (-6 - -1) + (-8 + -3 - -9 - -8)?
1
What is the value of -5 - -1 - (-12 - 0)?
8
What is the value of -2 + 11 + -2 + (-28 - -30)?
9
What is 6 + -3 + 1 - (-8 + 2)?
10
What is -1 + (-1 - -12) - (-17 - (6 - 26))?
7
Calculate 16 + (-2 - (-4 - (7 + (3 - 22)))).
6
What is the value of (-6 - -9) + (-4 - (-3 - -5)) + 19?
16
-39 + (-8 - -39) + (2 - 0)
-6
Evaluate -14 + 17 - 11 - (2 - (10 - 7)).
-7
Evaluate -6 - (-180 + 139 + (15 - 0)).
20
Calculate 354 - 376 - (1 + -37).
14
What is -7 + -11 - (3 - (-7 - -4))?
-24
What is the value of (-7 + 37 - 9) + -4?
17
What is the value of -7 + (-11 - (-1 - (19 + 8))) - 27?
-17
Evaluate -7 - ((-5 - -15) + (-2 - 6) + 9).
-18
Evaluate -60 + 7 + 41 - (1 - 6).
-7
Calculate 2 + -10 - (-8 - -1) - (-6 - 13).
18
Evaluate -14 - -18 - 8 - -2.
-2
Calculate -56 - (-7 - -10) - -36.
-23
Evaluate (0 - (5 + 0)) + -69 + 68.
-6
Calculate (-12 + 52 - 17) + -8.
15
What is the value of 52 - (-19 + 36) - 39?
-4
Evaluate -3 + 12 + -13 - 10.
-14
What is -51 - (21 - 40) - (-1 + -3)?
-28
Evaluate 58 + -56 + -15 + 0 - 8.
-21
What is the value of 27 - (49 - (-20 - -36))?
-6
Evaluate 3 + (-6 - -13 - 11) + 9.
8
Calculate (-122 + 133 - (1 - 26)) + -10.
26
3 - ((12 - (17 - 7)) + 0 + 4)
-3
What is the value of -25 - (-6 - ((-2 - -8) + (-48 - -47)))?
-14
-4 - 17 - (-13 - (-5 - -1))
-12
Calculate (7 - (-9 + 22)) + 4 + -1 + 4.
1
Evaluate -33 - -24 - ((0 - 5) + (8 - 15)).
3
Calculate (10 - (15 + 8)) + (3 - -1).
-9
Evaluate (2 - 16) + 7 - (2 + 6).
-15
What is the value of 59 - 45 - (-1 + 24)?
-9
11 - (-12 + 2 + 40 - -1)
-20
Calculate ((4 - 4) + -4 - -11) + 0.
7
7 - 4 - (28 + -12 + -1)
-12
Evaluate 50 - 55 - (-3 + 3 - (-8 - -1)).
-12
What is -7 + 0 + 10 - (6 + (0 - -4))?
-7
Calculate 4 - (-7 - -2 - -17).
-8
What is the value of 44 + -49 + 0 + 14?
9
Calculate 13 - ((-12 - -7) + 8).
10
Calculate 15 - (4 - 2) - (-422 + 430).
5
Evaluate -6 - -6 - (1 - (-9 - -6)).
-4
(15 - (-1 - (1 - 7))) + 10 + -49
-29
What is the value of -1 - (0 - 2) - (2 + 13 + -12)?
-2
-32 + -22 + (48 - 26)
-32
What is -5 + -1 + 2 + -9 - 7?
-20
Evaluate -31 + 37 + -13 + 0.
-7
Evaluate -47 + 7 + 28 + -48 + 23.
-37
Evaluate 4 + (9 - 8 - 6) + -7.
-8
What is -22 - (-25 - (1 - 12))?
-8
-2 - (-7 - (3 + 3 + 0))
11
Evaluate -4 + (13 - -4) - (-1 + (-17 - -22)).
9
What is 2 + -1 + -18 - (-28 - (28 - 58))?
-19
Evaluate -476 + 456 + (3 - -1).
-16
17 - 34 - (-3 - 9 - 1)
-4
What is the value of (-1 - -4 - (24 - 4)) + 3?
-14
Calculate 3 + 0 + -1 + -44 + 50.
8
What is the value of -3 + -8 + 1 + 4 + -1?
-7
What is the value of 4 - (-6 + -5 - (-2 + -23))?
-10
Evaluate 3 + 8 + (9 - (1 - -10)).
9
Evaluate -4 + 2 + 0 - (-4 - (0 + -7)).
-5
What is the value of -11 + -16 + -9 + 5?
-31
Calculate 9 + (10 + 2 - 0) + (-256 - -250).
15
Calculate 18 - (2 + 0 + 5 - -37).
-26
What is the value of (-1 - 20 - -5) + 11?
-5
What is -45 + 42 - (-4 - -5 - 2)?
-2
What is the value of -42 + 36 + -20 + 16?
-10
Calculate (-8 - (-15 + -4)) + -5 + -12 + 0.
-6
What is 21 + 9 + 0 + 3 + -22?
11
Evaluate -10 - (13 + (-26 - (6 - 15))).
-6
What is the value of (12 + -3 - (23 + -16)) + -1 + -6?
-5
Calculate -7 + (26 - (7 - -1)) + -8.
3
Evaluate 0 + 30 + 5 + -17 + 2.
20
(32 - (0 + -9 - -10 - -8)) + -4
19
21 + 1 + 0 + 0 - (-621 + 629)
14
Calculate (-1 - -9 - (2 + 14 + -15)) + 3.
10
12 + (-18 + -4 - 1)
-11
What is the value of (254 + -215 - (9 + -1)) + -8?
23
Calculate (-38 - -17 - -12) + 31.
22
What is -3 + (-12 - -8) - 3 - (-9 + 8)?
-9
Evaluate -5 + 2 + 42 + 9 + -16 + 6.
38
What is 46 + -41 - (1 + 0 - 9)?
13
Calculate 0 + -4 - (14 + -15 + 14).
-17
What is (-658 - -652) + (-19 - (-3 + 3))?
-25
6 + -6 + -17 - -24
7
What is the value of (-3 - 3) + 1 - (10 - -9 - 5)?
-19
Calculate 17 - (1 - -24) - (3 - -1) - -18.
6
Calculate 0 + 6 + -11 + 14.
9
(-23 - -55) + -20 - 21
-9
What is the value of 19 + -20 + (-10 - -14) + -10?
-7
Evaluate (9 + -1 + -13 - (2 - 11)) + -14.
-10
What is the value of -1 + -1 + -14 + (43 - (38 + -2))?
-9
(3 - -9) + 64 + -56 + -8
12
What is the value of -14 + (31 - (-19 + 20))?
16
What is -3 + (-4 + -2 - (-20 + (7 - -9)))?
-5
Evaluate 3 - (-4 + -2) - ((-43 - -43) + 38).
-29
What is (1 + 4 - (7 + -11)) + -21?
-12
-13 - (-3 - (0 - 1 - (1 + 3)))
-15
Evaluate 1 + 9 - (-13 + -5 + 9).
19
What is the value of (62 - 26) + (1 - 10)?
27
Evaluate -14 - -3 - -4 - (-1 - -8 - 12).
-2
What is the value of 2 + -1 + -10 + 1 + 174 + -163?
3
What is (-1 - 3) + 27 + 9 + -34?
-2
1 - (-2 + (-6 - -8) + -6)
7
Calculate -26 + -6 + 21 + 9.
-2
Evaluate (0 - -2) + (5 - 3) + -7 + -1.
-4
Calculate (9 + (4 + -2 - 16) - 5) + -6.
-16
4 + -9 - (5 - 4)
-6
What is (1 - -4) + 5 + -4 + 1 + 6?
13
Evaluate 51 - 27 - 29 - (-1 - -1 - -4).
-9
Calculate (5 - -15) + -15 + 15 - -9.
29
What is -18 - (8 + (-27 - -9) + 5)?
-13
Calculate 26 + 4 + (4 - 0) + 1 + -9.
26
What is 2 + 8 - 8 - (-2 + 11) - 2?
-9
What is the value of 6 + -14 + 2 + (-6 - (-15 - 3))?
6
What is (14 + -3 - 36) + 1?
-24
What is (21 - 21 - (6 + 3)) + 13?
4
What is -3839 - -3848 - (-1 + -1 - 1)?
12
What is the value of -24 - -40 - 6 - (-4 + (0 - 0))?
14
What is the value of -1 - (0 + -5) - (11 - -2)?
-9
What is the value of 13 + 7 + -10 + 5 + 8 + -16?
7
Calculate (14 - -5) + -10 + (-7 - 2).
0
(-25 - -34) + -13 - (-2 - (0 - 8))
-10
What is the value of 25 - (-17 + 43 - -9)?
-10
Calculate (-14 - (8 + -12)) + 1 - -3 - -45.
39
-1 - 9 - (-25 + 9) - 3
3
Evaluate 49 + -6 - (14 - (-21 + 16)).
24
What is 0 + (-8 - (-3 - 3)) - -9?
7
What is 5 + -1 + (-87 - -71)?
-12
-22 + 17 - ((22 - 6) + -2)
-19
Calculate 3 + -3 + (-4 - -11) - 5.
2
What is the value of -1 + -2 + ((-2 - -5) + -7 - -2)?
-5
1 + -2 + 32 + -13 + -4 + -6
8
Calculate (20 - -1) + -6 + -18 + 20.
17
-3 + 1 + -19 + 22 - -9
10
Evaluate -4 - -3 - (-19 - -1).
17
What is the value of (-1 - (-12 + 13)) + (-2 - -1)?
-3
What is 37 + 2 + -100 + 84?
23
14 - ((25 - 13) + 0)
2
Calculate -2 + -243 + 231 + (1 - (-39 - 3)).
29
Evaluate (-80 - -96) + (-7 - (-34 + 6)).
37
What is the value of 9 - 3 - ((7 - 9) + -1)?
9
Calculate 47 + -54 + (10 - -3).
6
-1 - (-9 + 0 - 1 - (1395 - 1389))
15
What is 6 - (-2 + 15) - (-3 - 9)?
5
What is (3 - -2) + -8 + -10 - -32?
19
(23 - 0) + (895 - 911)
7
What is 61 + -108 + 53 - (-30 - 0)?
36
55 + -33 + -28 + -25
-31
Evaluate (-5 - (2 + -6 + 0)) + 7 - -2.
8
-6 + -14 + 15 + -1 + 2 + -4
-8
Evaluate -13 + (5 - -7) - (7 + -16).
8
Evaluate 25 + (0 - -3) - (-21 + 21 + 7).
21
Evaluate 21 - 8 - (-4 + -9 + 21).
5
What is 4 + 36 + -16 + -13 - (-10 - -2)?
19
Evaluate 44 - (2 - -19) - 10.
13
What is (1 - 1 - -3) + -707 + 714?
10
Calculate 0 + -1